{"id":1584,"date":"2023-04-23T16:30:34","date_gmt":"2023-04-23T16:29:35","guid":{"rendered":"https:\/\/mcomtop.com\/?page_id=1584"},"modified":"2023-05-01T20:16:51","modified_gmt":"2023-05-01T20:16:51","slug":"nos-packs-info","status":"publish","type":"page","link":"https:\/\/mcomtop.com\/?page_id=1584","title":{"rendered":"Nos packs infos"},"content":{"rendered":"\n<h2 class=\"blockart-heading blockart-heading-8dcfa45f\">Nos packs INFO<br><\/h2>\n\n\n\n<h2 class=\"wp-block-heading\">A quoi servent nos packs info?<\/h2>\n\n\n\n<p> Ces packs sont \u00e0 destination des agences de presse implant\u00e9es en France ou \u00e0 l\u2019\u00e9tranger d\u00e9sireuses des services d\u2019un.e journaliste culturelle vivant en PACA et pr\u00e9cis\u00e9ment \u00e0 Cannes dont le palais de congr\u00e8s et des festivals accueille des \u00e9v\u00e9nements nationaux et internationaux toute l\u2019ann\u00e9e.<\/p>\n\n\n\n<h2 class=\"wp-block-heading\" id=\"block-83093bfb-0174-470e-8f73-04c3dfc39eb0\">Le pack NATIONAL<\/h2>\n\n\n\n<p id=\"block-84ed946c-4803-4b27-b635-0d67666aaa34\">Lorsque votre agence de presse est bas\u00e9e en France.<\/p>\n\n\n\n<figure class=\"wp-block-table\"><table class=\"has-luminous-dusk-gradient-background has-background\"><tbody><tr><td><br><br><br><strong><a href=\"https:\/\/mcomtop.com\/?page_id=1521\" data-type=\"URL\" data-id=\"https:\/\/mcomtop.com\/?page_id=1521\">PACK NATIONAL<\/a><\/strong><br><br><br><\/td><\/tr><\/tbody><\/table><figcaption class=\"wp-element-caption\"><strong><kbd><a href=\"https:\/\/mcomtop.com\/?page_id=1521\" data-type=\"URL\" data-id=\"https:\/\/mcomtop.com\/?page_id=1521\">Je choisis ce pack<\/a><\/kbd><\/strong><\/figcaption><\/figure>\n\n\n\n<h2 class=\"wp-block-heading\" id=\"block-adc32ecf-f446-4925-9141-08f993af9cb5\">Le pack INTERNATIONAL<\/h2>\n\n\n\n<p id=\"block-1f7abe6a-967c-417c-9d4d-44e801f7d78d\">Pour toute agence de presse bas\u00e9e \u00e0 l\u2019\u00e9tranger.<\/p>\n\n\n\n<figure class=\"wp-block-table is-style-regular\"><table class=\"has-electric-grass-gradient-background has-background\"><tbody><tr><td><br><br><strong><a href=\"https:\/\/mcomtop.com\/?page_id=1521\" data-type=\"URL\" data-id=\"https:\/\/mcomtop.com\/?page_id=1521\">PACK INTERNATIONAL<\/a><\/strong><br><br><br><\/td><\/tr><\/tbody><\/table><figcaption class=\"wp-element-caption\"><strong><kbd><a href=\"https:\/\/mcomtop.com\/?page_id=1521\" data-type=\"URL\" data-id=\"https:\/\/mcomtop.com\/?page_id=1521\">Je choisis ce pack<\/a><\/kbd><\/strong><\/figcaption><\/figure>\n","protected":false},"excerpt":{"rendered":"<p>A quoi servent nos packs info? Ces packs sont \u00e0 destination des agences de presse implant\u00e9es en France ou \u00e0 l\u2019\u00e9tranger d\u00e9sireuses des services d\u2019un.e journaliste culturelle vivant en PACA et pr\u00e9cis\u00e9ment \u00e0 Cannes dont le palais de congr\u00e8s et des festivals accueille des \u00e9v\u00e9nements nationaux et internationaux toute l\u2019ann\u00e9e. Le pack NATIONAL Lorsque votre [&hellip;]<\/p>\n","protected":false},"author":1,"featured_media":0,"parent":0,"menu_order":0,"comment_status":"closed","ping_status":"closed","template":"","meta":{"footnotes":""},"class_list":["post-1584","page","type-page","status-publish","hentry"],"jetpack_sharing_enabled":true,"_links":{"self":[{"href":"https:\/\/mcomtop.com\/index.php?rest_route=\/wp\/v2\/pages\/1584","targetHints":{"allow":["GET"]}}],"collection":[{"href":"https:\/\/mcomtop.com\/index.php?rest_route=\/wp\/v2\/pages"}],"about":[{"href":"https:\/\/mcomtop.com\/index.php?rest_route=\/wp\/v2\/types\/page"}],"author":[{"embeddable":true,"href":"https:\/\/mcomtop.com\/index.php?rest_route=\/wp\/v2\/users\/1"}],"replies":[{"embeddable":true,"href":"https:\/\/mcomtop.com\/index.php?rest_route=%2Fwp%2Fv2%2Fcomments&post=1584"}],"version-history":[{"count":8,"href":"https:\/\/mcomtop.com\/index.php?rest_route=\/wp\/v2\/pages\/1584\/revisions"}],"predecessor-version":[{"id":1910,"href":"https:\/\/mcomtop.com\/index.php?rest_route=\/wp\/v2\/pages\/1584\/revisions\/1910"}],"wp:attachment":[{"href":"https:\/\/mcomtop.com\/index.php?rest_route=%2Fwp%2Fv2%2Fmedia&parent=1584"}],"curies":[{"name":"wp","href":"https:\/\/api.w.org\/{rel}","templated":true}]}}