{"id":1583,"date":"2023-04-23T16:30:34","date_gmt":"2023-04-23T16:28:43","guid":{"rendered":"https:\/\/mcomtop.com\/?page_id=1583"},"modified":"2023-05-01T21:21:49","modified_gmt":"2023-05-01T21:21:49","slug":"nos-packs-creation","status":"publish","type":"page","link":"https:\/\/mcomtop.com\/?page_id=1583","title":{"rendered":"Nos packs Cr\u00e9ation"},"content":{"rendered":"\n<h2 class=\"blockart-heading blockart-heading-1399fc31\">Qui sont les cr\u00e9ateurs chez M@COMM ?<\/h2>\n\n\n\n<p>Ce sont les webdeveloppeurs et les webdesigners.<\/p>\n\n\n\n<h2 class=\"wp-block-heading\">Web d\u00e9veloppeur\/ web d\u00e9veloppeuse <\/h2>\n\n\n\n<p>Les projets pour web-d\u00e9veloppeurs\/ d\u00e9veloppeuses back & front n\u00e9cessitent la connaissance des  langages les plus usuelles (php, javascript) et la cybers\u00e9curit\u00e9\u2026Le pack va de la cr\u00e9ation de sites web, pages pleines, classiques, sites e-commerce jusqu\u2019aux tunnels de vente. <\/p>\n\n\n\n<figure class=\"wp-block-table aligncenter\"><table class=\"has-background\" style=\"background:linear-gradient(135deg,rgb(252,185,0) 0%,rgb(223,192,56) 19%,rgb(255,105,0) 100%)\"><tbody><tr><td><br><br><br><br>                                <strong>   <a href=\"https:\/\/mcomtop.com\/?page_id=1521\" data-type=\"URL\" data-id=\"https:\/\/mcomtop.com\/?page_id=1521\">PACK DEVELOPPEUR \/ DEVELOPPEUSE <\/a><\/strong>                                     <br><br><br><br><\/td><\/tr><\/tbody><\/table><figcaption class=\"wp-element-caption\"><a href=\"https:\/\/mcomtop.com\/?page_id=1521\" data-type=\"URL\" data-id=\"https:\/\/mcomtop.com\/?page_id=1521\"><strong><mark style=\"background-color:rgba(0, 0, 0, 0)\" class=\"has-inline-color has-secondary-color\"><kbd>Je choisis ce pack <\/kbd><\/mark><\/strong><\/a><\/figcaption><\/figure>\n\n\n\n<h2 class=\"wp-block-heading\">Le pack DESIGNER<\/h2>\n\n\n\n<p>Id\u00e9al pour les projets li\u00e9s au graphisme et supports de communication. Nos designers sont \u00e9galement web : IU et UX. Ils ma\u00eetrisent aussi bien l\u2019interface utilisateur, qu\u2019administrateur. Ils cr\u00e9ent des sites web et applications en lien avec les d\u00e9veloppeurs lorsque n\u00e9cessaire pour leur attractivit\u00e9.<\/p>\n\n\n\n<figure class=\"wp-block-table aligncenter\"><table class=\"has-cool-to-warm-spectrum-gradient-background has-background\"><tbody><tr><td><br><br><br><br>                                   <strong>         <\/strong><a href=\"https:\/\/mcomtop.com\/?page_id=1521\" data-type=\"URL\" data-id=\"https:\/\/mcomtop.com\/?page_id=1521\"><strong>PACK <\/strong>DESIGNER     <\/a>                                                         <br><br><br><br><\/td><\/tr><\/tbody><\/table><figcaption class=\"wp-element-caption\"><strong><mark style=\"background-color:rgba(0, 0, 0, 0)\" class=\"has-inline-color has-secondary-color\"><kbd><a href=\"https:\/\/mcomtop.com\/?page_id=1521\" data-type=\"URL\" data-id=\"https:\/\/mcomtop.com\/?page_id=1521\">Je choisis ce pack<\/a><\/kbd><\/mark><\/strong><\/figcaption><\/figure>\n\n\n\n<h2 class=\"wp-block-heading\">L\u2019Apr\u00e8s la cr\u00e9ation<\/h2>\n\n\n\n<p>Vous \u00eates int\u00e9ress\u00e9.e par la post cr\u00e9ation? A savoir le r\u00e9f\u00e9rencement, le web marketing ou toute autre demande? Faites nous parvenir une demande de devis et elle sera trait\u00e9e.<\/p>\n","protected":false},"excerpt":{"rendered":"<p>Ce sont les webdeveloppeurs et les webdesigners. Web d\u00e9veloppeur\/ web d\u00e9veloppeuse Les projets pour web-d\u00e9veloppeurs\/ d\u00e9veloppeuses back &#038; front n\u00e9cessitent la connaissance des langages les plus usuelles (php, javascript) et la cybers\u00e9curit\u00e9\u2026Le pack va de la cr\u00e9ation de sites web, pages pleines, classiques, sites e-commerce jusqu\u2019aux tunnels de vente. PACK DEVELOPPEUR \/ DEVELOPPEUSE Je choisis [&hellip;]<\/p>\n","protected":false},"author":1,"featured_media":0,"parent":0,"menu_order":0,"comment_status":"closed","ping_status":"closed","template":"","meta":{"footnotes":""},"class_list":["post-1583","page","type-page","status-publish","hentry"],"jetpack_sharing_enabled":true,"_links":{"self":[{"href":"https:\/\/mcomtop.com\/index.php?rest_route=\/wp\/v2\/pages\/1583","targetHints":{"allow":["GET"]}}],"collection":[{"href":"https:\/\/mcomtop.com\/index.php?rest_route=\/wp\/v2\/pages"}],"about":[{"href":"https:\/\/mcomtop.com\/index.php?rest_route=\/wp\/v2\/types\/page"}],"author":[{"embeddable":true,"href":"https:\/\/mcomtop.com\/index.php?rest_route=\/wp\/v2\/users\/1"}],"replies":[{"embeddable":true,"href":"https:\/\/mcomtop.com\/index.php?rest_route=%2Fwp%2Fv2%2Fcomments&post=1583"}],"version-history":[{"count":10,"href":"https:\/\/mcomtop.com\/index.php?rest_route=\/wp\/v2\/pages\/1583\/revisions"}],"predecessor-version":[{"id":1932,"href":"https:\/\/mcomtop.com\/index.php?rest_route=\/wp\/v2\/pages\/1583\/revisions\/1932"}],"wp:attachment":[{"href":"https:\/\/mcomtop.com\/index.php?rest_route=%2Fwp%2Fv2%2Fmedia&parent=1583"}],"curies":[{"name":"wp","href":"https:\/\/api.w.org\/{rel}","templated":true}]}}